 14, what is 5 + -86?
-81
In base 14, what is 2bb - -5?
2c2
In base 13, what is b2 - -3c?
121
In base 13, what is -5 + a?
5
In base 2, what is -10110111 - -10010?
-10100101
In base 12, what is -796 - 2?
-798
In base 11, what is -5 + -1953?
-1958
In base 3, what is 2 + -20201?
-20122
In base 7, what is -5442 + -2?
-5444
In base 6, what is 15 + 12?
31
In base 7, what is -10 + 121?
111
In base 2, what is -10001 - 101110100?
-110000101
In base 2, what is 0 - 110111?
-110111
In base 8, what is 2 + -4246?
-4244
In base 6, what is -1050 + 2?
-1044
In base 13, what is -22 - 216?
-238
In base 16, what is -6 + b?
5
In base 16, what is -3 + -30?
-33
In base 14, what is -1c - -1?
-1b
In base 3, what is -11102 - -1020?
-10012
In base 10, what is -4 + 555?
551
In base 10, what is 29 - -1056?
1085
In base 6, what is 20 + -1100?
-1040
In base 10, what is 33 - 77?
-44
In base 14, what is -5 - -7d1?
7ca
In base 7, what is -315 + 0?
-315
In base 11, what is 5 - -565?
56a
In base 13, what is 1 + 71?
72
In base 9, what is 138 + -3?
135
In base 6, what is 31 - -102?
133
In base 3, what is -1 + 111010?
111002
In base 14, what is 1 + -574?
-573
In base 9, what is 8373 - -4?
8377
In base 12, what is -4a - 15?
-63
In base 11, what is 2 + 69?
70
In base 7, what is -14 + -250?
-264
In base 6, what is -12042 - -2?
-12040
In base 5, what is 22 - 11223?
-11201
In base 4, what is -11320 + 2?
-11312
In base 9, what is -114 + -43?
-157
In base 15, what is -4 + 281?
27c
In base 4, what is 10 - 13033?
-13023
In base 13, what is 7 + -8a?
-83
In base 11, what is 2 - 444?
-442
In base 5, what is 20310 + 4?
20314
In base 14, what is -5 - 1271?
-1276
In base 9, what is 8 + -10?
-1
In base 5, what is -1 + -1131?
-1132
In base 13, what is -8 - -25?
1a
In base 9, what is 284 + 4?
288
In base 12, what is 411 + 1?
412
In base 15, what is 4d1 + 5?
4d6
In base 5, what is -404 + 134?
-220
In base 12, what is 3 - -64?
67
In base 6, what is -25 + -1535?
-2004
In base 5, what is 1 + 14?
20
In base 12, what is -3538 + -2?
-353a
In base 10, what is -1561 + 2?
-1559
In base 3, what is -1022200 - -1?
-1022122
In base 15, what is -be + 6?
-b8
In base 9, what is 1240 + -3?
1236
In base 16, what is -1b + 17?
-4
In base 11, what is -36 - -231?
1a6
In base 15, what is -76 - 25?
-9b
In base 15, what is 7 + -6?
1
In base 3, what is -2 + 10010?
10001
In base 2, what is 110010110 - -101?
110011011
In base 4, what is 2 - -2222?
2230
In base 9, what is -1261 + -3?
-1264
In base 16, what is -c4 + -a?
-ce
In base 14, what is 0 + -37?
-37
In base 13, what is -a - 4?
-11
In base 9, what is -158 + 0?
-158
In base 9, what is 8 + -26?
-17
In base 9, what is 6435 + 1?
6436
In base 4, what is -1 + -2030?
-2031
In base 10, what is -26958 - 1?
-26959
In base 7, what is -10 + -5052?
-5062
In base 8, what is -1567 + -1?
-1570
In base 16, what is 1e3 - -1?
1e4
In base 8, what is 241 - 12?
227
In base 12, what is -4 - -85?
81
In base 10, what is 137 + 4?
141
In base 12, what is 136 + 5?
13b
In base 6, what is 41 + -24?
13
In base 14, what is -52 + -33?
-85
In base 9, what is 5017 - -5?
5023
In base 16, what is -5 + -fab?
-fb0
In base 16, what is -4 + -2ea?
-2ee
In base 10, what is 1 - 209?
-208
In base 10, what is 0 + 594?
594
In base 10, what is -107 - 3?
-110
In base 11, what is -7 - 15?
-21
In base 9, what is -3 + 14?
11
In base 14, what is 7 + 9?
12
In base 12, what is 2 + 37?
39
In base 13, what is c2 - -2?
c4
In base 12, what is -481 - 1?
-482
In base 2, what is -1001110 - 10001?
-1011111
In base 5, what is -1 + 141?
140
In base 16, what is a6 - -2a?
d0
In base 15, what is 20 + 15?
35
In base 13, what is 16b + 3?
171
In base 11, what is -1 + 2605?
2604
In base 3, what is -1202 - -12110?
10201
In base 15, what is 3 - -36?
39
In base 12, what is 8 + -12?
-6
In base 16, what is -f1 + -4?
-f5
In base 15, what is -1b - cc?
-e8
In base 3, what is 12021 + 10?
12101
In base 4, what is 1 - 212?
-211
In base 11, what is 4 - -118?
121
In base 3, what is -100010 + -2?
-100012
In base 3, what is 11211111 - -11?
11211122
In base 13, what is -257 + 0?
-257
In base 5, what is -21402 - 10?
-21412
In base 8, what is -365 + 4?
-361
In base 7, what is 5 - -2240?
2245
In base 3, what is -1200 + -11?
-1211
In base 5, what is -314323 - 10?
-314333
In base 2, what is 1001010111 - 1000?
1001001111
In base 16, what is -759 + 1?
-758
In base 10, what is 1502 - 1?
1501
In base 13, what is -b - 16?
-24
In base 12, what is 2 + 189?
18b
In base 13, what is 5 + 157?
15c
In base 15, what is 1 - -3b?
3c
In base 10, what is 24 - -10?
34
In base 7, what is 3 + 35?
41
In base 4, what is -20 + 132321?
132301
In base 7, what is -16 - 0?
-16
In base 13, what is 25 - -35?
5a
In base 12, what is -4 + 23?
1b
In base 7, what is 11 + 321?
332
In base 16, what is 7d + 2?
7f
In base 15, what is ce - 4?
ca
In base 4, what is -3 + 113?
110
In base 15, what is -16bc + 1?
-16bb
In base 15, what is 1d29 - 2?
1d27
In base 3, what is -2000111 + -2?
-2000120
In base 4, what is 1111132 - 3?
1111123
In base 3, what is 11 - -10102?
10120
In base 8, what is 560 + -1?
557
In base 6, what is -33 - 5?
-42
In base 7, what is 13 - -31?
44
In base 16, what is 5 - 24?
-1f
In base 8, what is 0 - 12?
-12
In base 11, what is -4 + -867?
-870
In base 14, what is -44d3 - 1?
-44d4
In base 6, what is -1 + -552?
-553
In base 4, what is 1 + -20212?
-20211
In base 13, what is -2778 - 4?
-277c
In base 5, what is 0 - -1421?
1421
In base 8, what is 25 - 3?
22
In base 11, what is 1930 + -3?
1928
In base 13, what is -3 + 1c77?
1c74
In base 9, what is -22 + -15?
-37
In base 5, what is 10 - 3310?
-3300
In base 5, what is 4 + -41200?
-41141
In base 7, what is -30 - 156?
-216
In base 10, what is 4559 + 0?
4559
In base 15, what is -10 - 2a?
-3a
In base 14, what is 9 + 1b9?
1c4
In base 10, what is -52 + 6?
-46
In base 11, what is -7 + a7?
a0
In base 12, what is 10 + -42?
-32
In base 3, what is -10 - -1222?
1212
In base 15, what is -1 - c7?
-c8
In base 13, what is 2 + -779?
-777
In base 5, what is -3 + 212?
204
In base 7, what is -5 + -150?
-155
In base 9, what is -1305 - -4?
-1301
In base 7, what is -2 - 134?
-136
In base 12, what is 0 - -73?
73
In base 5, what is -14002 - -10?
-13442
In base 14, what is 5c2 - 0?
5c2
In base 8, what is 150 + -31?
117
In base 3, what is 111 + -1?
110
In base 8, what is 200 - 4?
174
In base 4, what is 10 - -330?
1000
In base 10, what is 9 + -17?
-8
In base 3, what is -11 + 2101?
2020
In base 5, what is -40023 + 1?
-40022
In base 11, what is 1 - -29?
2a
In base 11, what is -263 + 5?
-259
In base 13, what is -6 + 0?
-6
In base 4, what is -123 + -103?
-232
In base 7, what is -2 + -36?
-41
In base 13, what is -11 + -1a?
-2b
In base 12, what is -1 + -1820?
-1821
In base 13, what is a - -6?
13
In base 4, what is 11 + -2112?
-2101
In base 2, what is 111 + -10101?
-1110
In base 6, what is 2 + -1013?
-1011
In base 2, what is 101 - 101100101?
-101100000
In base 15, what is -e + 407?
3e8
In base 3, what is -12 + 2212211?
2212122
In base 8, what is 5 - -123?
130
In base 7, what is 1543 + -4?
1536
In base 5, what is 122 - -1230?
1402
In base 4, what is 11 - 1103?
-1032
In base 9, what is -3 - -46?
43
In base 5, what is -140 - -1?
-134
In base 5, what is -230 + 41?
-134
In base 3, what is 222102 - 0?
222102
In base 2, what is 111000100 + 11?
111000111
In base 11, what is -524 + -4?
-528
In base 5, what is -13 + 144?
131
In base 4, what is 222 - -21?
303
In base 10, what is 0 + -161?
-161
In base 10, what is -42 - 0?
-42
In base 12, what is 90 - -3?
93
In base 9, what is -1112 + -3?
-1115
In base 13, what is 146 - -32?
178
In base 11, what is 550 - -5?
555
In base 13, what is 54 - -79?
100
In base 12, what is -17 + 1?
-16
In base 2, what is -1001 + 101010?
100001
In base 12, what is 3 + -156?
-153
In base 12, what is 3 + -68?
-65
In base 11, what is a7 - -2?
a9
In base 12, what is -2b + 2a4?
275
In base 15, what is -2 - -20a?
208
In base 8, what is 55 - -12?
67
In base 6, what is 14334 - 3?
14331
In base 12, what is -4 - -38?
34
In base 16, what is -4 + 3e?
3a
In base 12, what is 228a + -3?
2287
In base 3, what is 10012120 - -10?
10012200
In base 13, what is 27 - 1?
26
In base 2, what is 100 - 1000?
-100
In base 4, what is 1122220 - 11?
1122203
In base 13, what is 567 - 1?
566
In ba